
What is the ten thousands digit of 12106816?
0
What is the hundred thousands digit of 457298?
4
What is the millions digit of 4073240?
4
What is the thousands digit of 2895193?
5
What is the hundred thousands digit of 2888484?
8
What is the thousands digit of 9213474?
3
What is the units digit of 401470?
0
What is the hundreds digit of 7916570?
5
What is the thousands digit of 12060028?
0
What is the units digit of 473516?
6
What is the hundred thousands digit of 5453594?
4
What is the hundred thousands digit of 366718?
3
What is the ten thousands digit of 1908750?
0
What is the millions digit of 24761989?
4
What is the thousands digit of 7499144?
9
What is the hundreds digit of 1691438?
4
What is the thousands digit of 334735?
4
What is the hundred thousands digit of 2386354?
3
What is the tens digit of 774784?
8
What is the units digit of 31106453?
3
What is the units digit of 323138?
8
What is the hundred thousands digit of 106931?
1
What is the hundreds digit of 924934?
9
What is the tens digit of 1316325?
2
What is the units digit of 3836033?
3
What is the hundreds digit of 832942?
9
What is the millions digit of 1557797?
1
What is the ten thousands digit of 692989?
9
What is the tens digit of 310459?
5
What is the ten thousands digit of 345960?
4
What is the units digit of 19881049?
9
What is the ten thousands digit of 13661649?
6
What is the hundreds digit of 540013?
0
What is the tens digit of 339665?
6
What is the ten thousands digit of 89691?
8
What is the millions digit of 2476827?
2
What is the thousands digit of 169459?
9
What is the tens digit of 232130?
3
What is the ten thousands digit of 179912?
7
What is the units digit of 512631?
1
What is the ten thousands digit of 9209614?
0
What is the thousands digit of 1958959?
8
What is the units digit of 10766708?
8
What is the units digit of 59990?
0
What is the ten millions digit of 15599325?
1
What is the units digit of 474963?
3
What is the tens digit of 12358157?
5
What is the tens digit of 9540903?
0
What is the ten millions digit of 14658543?
1
What is the units digit of 11073046?
6
What is the ten thousands digit of 5383448?
8
What is the hundred thousands digit of 106690?
1
What is the units digit of 532270?
0
What is the millions digit of 13582177?
3
What is the units digit of 76471?
1
What is the hundred thousands digit of 7544204?
5
What is the tens digit of 658809?
0
What is the thousands digit of 28006893?
6
What is the hundred thousands digit of 461514?
4
What is the thousands digit of 1727768?
7
What is the tens digit of 191931?
3
What is the tens digit of 990092?
9
What is the millions digit of 8861796?
8
What is the hundred thousands digit of 218639?
2
What is the units digit of 383124?
4
What is the hundred thousands digit of 151758?
1
What is the thousands digit of 9479188?
9
What is the hundreds digit of 60447?
4
What is the units digit of 6672764?
4
What is the ten thousands digit of 469584?
6
What is the thousands digit of 389249?
9
What is the millions digit of 12822011?
2
What is the units digit of 349104?
4
What is the tens digit of 104486?
8
What is the tens digit of 10118501?
0
What is the ten thousands digit of 20876904?
7
What is the thousands digit of 68105?
8
What is the hundred thousands digit of 5213535?
2
What is the millions digit of 5975821?
5
What is the units digit of 2558453?
3
What is the thousands digit of 57725?
7
What is the tens digit of 4500?
0
What is the thousands digit of 271160?
1
What is the hundreds digit of 16290428?
4
What is the units digit of 568346?
6
What is the thousands digit of 2766042?
6
What is the tens digit of 986604?
0
What is the hundred thousands digit of 1766809?
7
What is the thousands digit of 29359554?
9
What is the hundreds digit of 12076757?
7
What is the units digit of 1336759?
9
What is the tens digit of 6378949?
4
What is the tens digit of 714847?
4
What is the ten thousands digit of 602077?
0
What is the hundred thousands digit of 790667?
7
What is the hundreds digit of 134118?
1
What is the units digit of 151595?
5
What is the hundreds digit of 4597028?
0
What is the thousands digit of 3300644?
0
What is the units digit of 734123?
3
What is the units digit of 1868852?
2
What is the ten thousands digit of 1930019?
3
What is the hundred thousands digit of 30812242?
8
What is the millions digit of 16884662?
6
What is the hundreds digit of 2800695?
6
What is the tens digit of 24421?
2
What is the units digit of 719678?
8
What is the units digit of 239998?
8
What is the tens digit of 420?
2
What is the tens digit of 3202477?
7
What is the ten thousands digit of 267530?
6
What is the ten thousands digit of 556221?
5
What is the ten thousands digit of 15014576?
1
What is the tens digit of 760243?
4
What is the units digit of 135976?
6
What is the hundred thousands digit of 4136486?
1
What is the thousands digit of 13756478?
6
What is the units digit of 389475?
5
What is the units digit of 1596437?
7
What is the hundreds digit of 158768?
7
What is the hundreds digit of 843671?
6
What is the tens digit of 21647039?
3
What is the tens digit of 1296250?
5
What is the hundred thousands digit of 701089?
7
What is the units digit of 22477018?
8
What is the tens digit of 91822?
2
What is the thousands digit of 61840?
1
What is the hundred thousands digit of 3950077?
9
What is the ten thousands digit of 6319360?
1
What is the thousands digit of 346693?
6
What is the thousands digit of 680134?
0
What is the tens digit of 208630?
3
What is the hundred thousands digit of 1619580?
6
What is the tens digit of 912091?
9
What is the ten millions digit of 11516676?
1
What is the tens digit of 7478240?
4
What is the units digit of 1699223?
3
What is the tens digit of 6510650?
5
What is the units digit of 282883?
3
What is the millions digit of 9661033?
9
What is the thousands digit of 9541?
9
What is the ten millions digit of 29235229?
2
What is the ten thousands digit of 172799?
7
What is the tens digit of 329470?
7
What is the hundreds digit of 85891?
8
What is the hundred thousands digit of 308545?
3
What is the hundreds digit of 485121?
1
What is the hundreds digit of 3081437?
4
What is the units digit of 693991?
1
What is the hundred thousands digit of 1621441?
6
What is the units digit of 1113609?
9
What is the ten thousands digit of 200979?
0
What is the thousands digit of 678462?
8
What is the hundred thousands digit of 141862?
1
What is the units digit of 87819?
9
What is the hundred thousands digit of 636656?
6
What is the thousands digit of 2461127?
1
What is the hundred thousands digit of 718757?
7
What is the ten thousands digit of 355320?
5
What is the units digit of 737214?
4
What is the tens digit of 5632918?
1
What is the ten thousands digit of 1088544?
8
What is the units digit of 3166589?
9
What is the tens digit of 250147?
4
What is the units digit of 795601?
1
What is the hundreds digit of 4010773?
7
What is the hundred thousands digit of 267014?
2
What is the units digit of 1899661?
1
What is the millions digit of 1324370?
1
What is the ten millions digit of 23166297?
2
What is the hundred thousands digit of 6733816?
7
What is the hundred thousands digit of 148663?
1
What is the ten thousands digit of 5002096?
0
What is the ten thousands digit of 33123?
3
What is the hundreds digit of 2665771?
7
What is the ten thousands digit of 144064?
4
What is the hundred thousands digit of 1025943?
0
What is the ten millions digit of 38289141?
3
What is the thousands digit of 219567?
9
What is the tens digit of 1524168?
6
What is the units digit of 1810446?
6
What is the millions digit of 4320384?
4
What is the units digit of 1408921?
1
What is the ten thousands digit of 2827549?
2
What is the hundred thousands digit of 1409081?
4
What is the units digit of 18086?
6
What is the units digit of 14064916?
6
What is the hundred thousands digit of 3581012?
5
What is the millions digit of 33984182?
3
What is the hundred thousands digit of 10099620?
0
What is the tens digit of 1880380?
8
What is the hundreds digit of 34283?
2
What is the tens digit of 9436710?
1
What is the hundred thousands digit of 193597?
1
What is the units digit of 418254?
4
What is the units digit of 3755928?
8
What is the hundred thousands digit of 